 i(m) = 6*m**2 + 31*m + 4. Let c be i(w). What is k(c)?
7
Let d = -5 + 8. Let l = 50 + -48. Let c(j) = 15*j**2 + d - 7*j - 4*j**l - 7*j**2 - 3*j**2. Determine c(7).
3
Suppose -7*q = 4*q + 121. Let m(h) = 32*h + 9. Let p(z) = 16*z + 5. Let t(f) = q*p(f) + 6*m(f). What is t(-1)?
-17
Let j(a) = 607 + 0*a**2 - a**2 - 603 + 2*a**2 - 5*a + 2*a**2. What is j(2)?
6
Suppose -2 + 17 = 3*m, -3*m = 4*n - 127. Let v = 206 - 180. Suppose -n = -q - v. Let t(d) = 3*d - 3. Give t(q).
3
Suppose -3*p = -81*s + 79*s - 9, s + 36 = -3*p. Let j(q) = 2*q**2 + 31*q + 13. What is j(s)?
-2
Let f(a) = -a**2 + 2*a. Let q be (-5)/((-275)/(-285)) + (-6)/(-33). Let i be 1*q*(-1)/1. Let p be i*(-2)/20 - (-14)/4. Determine f(p).
-3
Let t(h) = 16*h - 30. Suppose -m = -4*n + 30, -3*m + 2*m + 3*n - 22 = 0. What is t(m)?
2
Let n(g) = -78*g + 27. Let k(b) = 426*b - 136. Let l(s) = -2*k(s) - 11*n(s). Give l(5).
5
Let i(p) = 23*p - 150. Let u(g) = 13*g - 85. Let v(x) = -4*i(x) + 7*u(x). Let d = 26 - 37. Give v(d).
16
Let s = -24 - -28. Let c(z) = 4*z**2 - 4*z + 6. Let t(a) = -9*a**2 + 9*a - 13. Let v(i) = 7*c(i) + 3*t(i). Give v(s).
15
Let y(o) be the second derivative of -7*o**3/6 - 6*o**2 - 900*o. Give y(7).
-61
Let j be 14 - (2 - (-3 - -1)). Let w be 36/j - 9/15. Suppose -6 = -w*d + 12. Let p(o) = -o**2 + 4*o + 5. Calculate p(d).
-7
Let g(a) = -110*a - 4 - 1 + 338*a - a**2 - 109*a - 113*a. Give g(8).
-21
Let b(p) = 125*p + 22. Let x(a) = -94*a - 22. Let t(y) = 3*b(y) + 4*x(y). What is t(-11)?
-11
Let w(i) = -23*i**3 - 9*i**2 - 16*i - 9. Let b(t) = 18*t**3 + 7*t**2 + 14*t + 8. Let j(z) = -5*b(z) - 4*w(z). Give j(-2).
-4
Let v = 5 - -9. Suppose -40 = -2*r + 5*y - v, r + y = -1. Let x(j) = -55*j + 156*j + 4 - j**2 - 50*j - 48*j. Determine x(r).
4
Suppose -4*z + 3*z = 2*j - 78, -4*z = 2*j - 84. Let n(k) = 42 + j - 4*k**2 - 80. Suppose 3*c - c = -2. What is n(c)?
-4
Let x(z) be the second derivative of -7*z**3/6 + 49*z**2/2 + 2371*z. What is x(8)?
-7
Let w(o) = 4*o**2 + 3*o - 2. Let p be w(1). Let k(t) be the first derivative of -14 + 5*t - 1/2*t**2. Calculate k(p).
0
Suppose -6*s = -28*s + 10230. Let u = 458 - s. Let t(c) = -c**3 - 9*c**2 - 14*c + 10. What is t(u)?
10
Let u(s) = -s**3 + 7*s**2 - 5*s - 3. Suppose -74 + 104 = 6*n. Suppose 5*z - n*k - 5 = 0, 13 = 5*z - 2*z - k. Determine u(z).
3
Suppose 3*a - 17 = 7*q - 3*q, -5*a = 5*q - 5. Let p(v) = 3300*v**2 - 26*v - 6. Let k(o) = -1165*o**2 + 9*o + 2. Let t(j) = 17*k(j) + 6*p(j). Calculate t(q).
-16
Let w(z) = z**3 - 3*z - 14. Let o be (-3 + 1 + 2)/(20/(15 + -10)). What is w(o)?
-14
Let c(l) = -2*l + 16. Let t = 788 - 780. Determine c(t).
0
Let r(t) be the first derivative of t**3/3 - 14*t**2 - 32*t + 4920. Calculate r(25).
-107
Let h(q) = q**3 - 5*q**2 - 5*q - 4. Suppose -4*t + 5 = -19. Let n be h(t). Let i(v) = 0*v - 1 - 3 + 0*v - v**n - 2*v. What is i(-5)?
-19
Let g(y) be the second derivative of y**6/120 - y**5/20 - y**4/24 - 2*y**3/3 - 113*y**2/2 + 66*y. Let s(z) be the first derivative of g(z). Determine s(4).
8
Suppose -2*q = -12*l + 7*l - 190, -3*q - 5*l = -310. Let g(t) = q - t + 94 - 192. Give g(5).
-3
Suppose -32*j - 157*j = 1701. Let z(w) = -w**2 + 3*w + 22. What is z(j)?
-86
Let g be -5*24/(-30) + 2. Let i(w) = -7*w. Let c(s) = -4*s. Let u(y) = g*i(y) - 11*c(y). Calculate u(6).
12
Let r(s) = 60*s**2 - 62*s - 16. Let z(v) = -v**3 + v**2 + v + 5. Let i(o) = -r(o) - 2*z(o). Calculate i(30).
6
Let f(y) = 684*y - 1367*y + 3 + 682*y - 16. Give f(-7).
-6
Let i(y) = -y - 7. Let r = -18 - -19. Let b be r/3 + (-187)/(-51). Suppose -3*u - 2*m - 19 = 3*m, b*u = 4*m - 4. What is i(u)?
-4
Suppose 2*f = 3*j - 8, f + 4 = 5*j - 4*j. Suppose z + 4*a + 17 = j, z + 4 + 4 = -a. Let c(x) = -3 - 3*x + 4*x + 1. Give c(z).
-7
Let h(k) = 2*k**3 - 24*k**2 + 7*k. Let y(u) = 4*u**3 - 46*u**2 + 11*u + 1. Let b(v) = 5*h(v) - 3*y(v). Give b(9).
15
Let f be (13 + -8 - 14)*(-2)/3. Let m(x) = 7*x - 38. What is m(f)?
4
Let d(r) be the second derivative of -7*r**3/6 + r**2/2 - 1054*r. What is d(-2)?
15
Let v(a) = 4*a. Let q(c) = c**3 - 10*c**2 - 24*c. Let l(p) = -q(p) - 3*v(p). Give l(11).
11
Let a(l) = -151*l**2 - 153*l - 224. Let t(f) = 73*f**2 + 76*f + 111. Let i(r) = -15*a(r) - 31*t(r). Give i(32).
15
Let d(z) be the second derivative of -23*z - 7/2*z**2 - z**3 - 1/12*z**4 + 0. Let g = -5 - 0. Calculate d(g).
-2
Let h be 13 + -11 + -21*1 + -2 + -1. Let w(x) = -2*x**2 - 44*x - 7. What is w(h)?
-7
Let b(d) = 2*d**3 - 4*d**2 + 3*d. Let k(x) = 2*x**2 + x + 1. Let q(u) = u**3 + 7*u**2 - u + 8. Let o(n) = -2*k(n) + q(n). Let l be o(-4). Determine b(l).
6
Let o(b) = -b**3 - 68*b**2 + b + 54. Let h be o(-68). Let v(a) = a**2 + 11*a - 8. Calculate v(h).
34
Suppose -18*n + 8*n - 26 = -96. Let u(m) = -m**3 + 6*m**2 + 5*m + 16. Determine u(n).
2
Let f(q) be the second derivative of -q**5/20 - q**4/12 + 5*q**3/6 + 2*q**2 - 190*q. Let z = 209 - 212. Give f(z).
7
Let o = 8037 + -8056. Let m(d) = -d**3 - 15*d**2 + 75*d - 32. What is m(o)?
-13
Let f(v) = -v**3 + 5*v**2 + 6*v - 5. Let p(a) = -2*a + 65. Let j be p(30). Calculate f(j).
25
Let d(v) = 9*v - 28. Let i be -1*(-2 + -7 - -3). Let y(r) = 3*r + 925 - 940 + 2*r. Let p(b) = i*d(b) - 11*y(b). Give p(-10).
7
Let z(s) be the second derivative of s**4/12 - 25*s**3/6 - 193*s**2/2 - 34*s - 4. Determine z(31).
-7
Let r(g) = 2*g + 34. Let n be r(-17). Let z = n + -2. Let w be (z + 5)*((-28)/12 - -2). Let b(v) = -5*v - 1. Determine b(w).
4
Let o(d) = 19*d**2 - 10*d + 37. Let i(z) = 2. Let n(m) = -12*m**2 + 7*m - 26. Let k(q) = i(q) + n(q). Let l(w) = -8*k(w) - 5*o(w). Determine l(6).
7
Let o(w) be the third derivative of w**6/60 + w**5/3 - w**4/8 - 19*w**3/6 + 34*w**2 - 16. What is o(-10)?
11
Let y(f) be the second derivative of f**2/2 + 3*f. Let l(d) = 2*d + 7. Let s(p) = -l(p) + 5*y(p). Let x be ((-8)/14)/(38/266). Determine s(x).
6
Let w be -21*(-42)/63 + -6. Let d(g) = 3*g**2 - 22*g - 5. Calculate d(w).
11
Let c be (-4)/28*6*-21. Let r(n) = -1755*n**2 + 8*n + 3*n**3 + n**3 - 3*n**3 + 1736*n**2 + 10*n - 10. Give r(c).
-10
Let b(j) = -j**3 + 12*j**2 + 2*j - 18. Let u be b(12). Suppose -f = -u*f + 145. Let n = 35 - f. Let y(x) = x**3 - 6*x**2 - 5. Calculate y(n).
-5
Let b(a) be the third derivative of a**6/15 - a**5/30 - a**4/12 + a**3/2 - 337*a**2 + 3. What is b(1)?
7
Let j(k) = k**3 - 29*k**2 + k - 31. Let y be j(29). Let t(s) = 5*s - 61. Let x(o) = o - 15. Let m(b) = y*t(b) + 9*x(b). What is m(-7)?
-6
Let y(o) = -9*o**2 + o**2 + 7*o**2 + 6 - 8 + 14*o. What is y(11)?
31
Suppose -281*t - 8113 = -117*t + 263*t. Let m(r) = 2*r + 39. What is m(t)?
1
Let x be 4/(-68) + 252/(-51) + 3. Let o(u) be the second derivative of 5*u**3/3 + u**2 + 7*u. What is o(x)?
-18
Let q(l) be the second derivative of -5/6*l**3 + l + 1/3*l**4 - l**2 + 1/20*l**5 + 4. Determine q(-5).
-2
Let s(z) = 106*z + 114. Let i(l) = -84*l - 113. Let t(n) = 5*i(n) + 4*s(n). Calculate t(27).
-1
Let r(h) = h**3 - 14*h**2 + 16*h - 7. Let g be (-8 - 716)*3/(-4). Let p = -530 + g. What is r(p)?
32
Let a(q) = -5*q + 6. Let c(x) = x - 1. Let k(m) = 5*a(m) + 20*c(m). Give k(2).
0
Let y(d) be the second derivative of d**5/20 - 2*d**4/3 + 5*d**3/3 - 7*d**2 + 6870*d. Give y(6).
-26
Let f(x) = 20*x**2 + 14 - 3*x**3 + 0*x**3 + 86*x + 4*x**3 - 200*x + 93*x. What is f(-21)?
14
Let p(n) be the second derivative of 2*n**3/3 - 9*n**2/2 - 2*n. Let v be 3 + (-2)/6*0. Let c be p(v). Let z(r) = -r - 3. Calculate z(c).
-6
Let y(d) = 3*d**3 + 7*d**2 + 2*d - 28. Let p(l) = -4*l**3 - 11*l**2 - 4*l + 41. Let h(b) = -5*p(b) - 7*y(b). What is h(7)?
-16
Let p(w) = 5*w**2 - 55*w + 20. Let c = -45 - -48. Let u(z) = 2*z**2 - 19*z + 7. Let a(r) = c*p(r) - 8*u(r). Determine a(-12).
16
Let h(n) = -n**3 + 20*n**2 + 20*n - 13. Let s = 166 + -145. Give h(s).
-34
Let q be -1 + 116 + (-29 - -28). Let m(h) = -6*h - q*h**2 - 17 - 4*h + 113*h**2 + 2*h. Calculate m(-6).
-5
Let x be (-1)/(-1) - 3*(21 + -3). Let j = x + 53. Let a(g) = j - g + 2 + 6 - 6. Give a(4).
-2
Let d(j) = 6*j + 215. Let l = -5239 - -5204. What is d(l)?
5
Let z(n) = -n**2 + 113*n + 9464. Let q be z(169). Let v(d) = -d + 2 - 8 - 26. Give v(q).
-32
Suppose 4*r - 24 = 0, 4*r - 38 = j - 6. Let n(w) = -6*w - 27. Give n(j).
21
Suppose 0 = -r, r = -7*a + 4*a + 54. Let v be ((-9)/(-3))/a + 52/(-24). Let p(y) = 3 + 4*y + 2 - 3. Calculate p(